2. Calculate the remainder when 127 is divided by s.
41
Suppose -5*v + 67 = -133. Let g = -17 - -38. What is the remainder when v is divided by g?
19
What is the remainder when (-16)/5*2*-5 is divided by (-66)/(-8)*-1*4/(-3)?
10
Suppose -3*n + 5*n = 420. Suppose -2*o - 62 = -n. What is the remainder when o is divided by 25?
24
Let n = 1 - -4. Suppose f = n*f - 20. Calculate the remainder when f is divided by (1 - -2) + (-1 - -2).
1
Let c = -5 + 10. Suppose -5*y - c*f = 5, -5*f + 3 = -3*y - 4*f. Let m = 16 + y. Calculate the remainder when 44 is divided by m.
14
Let b = -4 - -3. Suppose 0 = -n + 2*n + 1. Calculate the remainder when (-17)/b - n/(-1) is divided by 6.
4
Suppose 165 = 9*f + 6*f. Calculate the remainder when 61 is divided by f.
6
Let f(p) = 2*p - 1. Calculate the remainder when 48 is divided by f(9).
14
Suppose z - 6*z = -500. Suppose 4*n = 5*q + z, 5*n - 2*q = -0*n + 125. Let t(u) = -u**2 - 8*u + 9. Calculate the remainder when n is divided by t(-8).
7
Suppose -62*c = -63*c + 156. Suppose n + 1 = 4. Suppose -c = -3*h - 0*d + n*d, 213 = 4*h + d. Calculate the remainder when h is divided by 14.
11
Calculate the remainder when 64 is divided by 5 + -5 + 26/2.
12
Let k(x) = x + 10. Suppose -2*p - 4*b = -7*b + 25, 0 = 3*p + 3*b + 15. What is the remainder when 6 is divided by k(p)?
0
Suppose 0*i = 2*i - 5*r + 23, 2*r - 20 = 2*i. Let s = 5 + i. Let w(j) = -6*j - 1. What is the remainder when w(s) is divided by 12?
11
Let h = 7 - -4. Calculate the remainder when h is divided by 6.
5
Suppose 259 = n + 6*n. Calculate the remainder when 73 is divided by n.
36
Suppose -118 - 142 = -5*o. Suppose o = -2*n + 4*n. Let r = 49 - n. What is the remainder when r is divided by 8?
7
Suppose 4*a - 33 = 7. What is the remainder when 57 is divided by a?
7
Let n be (2/(-4))/(3/(-12)). Suppose 5*w = n*m + 3*m - 205, -4*m + 3*w + 166 = 0. Calculate the remainder when m is divided by 11.
10
Let u = 18 - -9. Let c = u + -14. Suppose 55 - 31 = n. Calculate the remainder when n is divided by c.
11
Suppose -9*i = -4*i - 4*j + 20, -5*i = j - 5. Suppose -u + 0*u = -2. Suppose -u*w + i*w + 44 = 0. What is the remainder when w is divided by 12?
10
Let v(i) = i**3 - 9*i**2 - 11*i + 15. Let x be v(10). Suppose -g + x*g - 40 = 0. Calculate the remainder when ((-38)/(-8))/(2/8) is divided by g.
9
Let c be 22/6 + (-2)/3. Suppose -58 = c*x - 5*x. Calculate the remainder when x is divided by 10.
9
Suppose 3*f - 10 = -2*f. Suppose 74 = f*x + 24. Let u = x - 17. Calculate the remainder when u is divided by 3.
2
Suppose -4*w + 101 + 115 = 0. What is the remainder when w is divided by 19?
16
Let i(g) = -5*g. Let c(o) = o**2 - 6*o - 12. What is the remainder when c(10) is divided by i(-2)?
8
Suppose 21 = 5*h + 3*n - 0*n, 2*h = n + 15. What is the remainder when (-2)/(-6) - (-220)/h is divided by 13?
11
Let c = 1 + 2. Let d = 3 - -1. What is the remainder when d is divided by c?
1
Let h be 2*((-6)/(-4) + 2). Let l(w) = -w**3 + 7*w**2 + 3*w - 8. What is the remainder when 25 is divided by l(h)?
12
Suppose 5*f - 2*t + 3*t = 126, 2*t - 18 = -f. Calculate the remainder when f is divided by 7.
5
Suppose 21 = o - 1. Suppose -145 = -3*h - 2*h. Let s = h - 17. What is the remainder when o is divided by s?
10
Suppose -7*y = -2*y - 105. What is the remainder when y is divided by 6?
3
Let x(l) = -l**3 + 10*l**2 + 9*l. Let g be x(11). What is the remainder when 44 is divided by 18/99 - 326/g?
14
Suppose 2*p + 10 = -2*f + 82, -4*p + 158 = -3*f. Calculate the remainder when p is divided by 20.
18
Suppose 4*y - 27 = -3*n, y - 2*n = -0*y - 7. Suppose 0 = x - y*m - 32, -4*x + 0*m - 5*m + 60 = 0. What is the remainder when x is divided by 7?
6
Suppose -42 + 12 = -3*n. Let x = n + 24. What is the remainder when 99 is divided by x?
31
Suppose 3*l = -3*h + h + 104, -2*l = -3*h + 143. Calculate the remainder when h is divided by 17.
15
Suppose -2*m + 1 = -1. Suppose 11 = 3*l - m. What is the remainder when l is divided by 3?
1
Calculate the remainder when 0*(1 - 6/4) - -1 is divided by (-2)/1*(-2)/4.
0
Let x(r) be the second derivative of -r**5/20 + r**4/4 + 5*r**3/6 + r. Let b be x(4). Suppose b*f = -f + 190. Calculate the remainder when f is divided by 13.
12
Calculate the remainder when 58 is divided by (-3 - -8)*(-14)/(-7).
8
Let w = 9 + 13. What is the remainder when 64 is divided by w?
20
Suppose z = -3*z + 56. Suppose -3*m - 121 = -2*s - 0*m, 0 = 2*m + 10. Calculate the remainder when s is divided by z.
11
Let q = -64 + 149. Calculate the remainder when q is divided by 29.
27
Suppose -3*k + 86 = 4*o, 4*o - 20 = 9*o. Let c = -5 + 13. Suppose -c = 5*a - 98. What is the remainder when k is divided by a?
16
Suppose 5*m = 1 + 4. Calculate the remainder when 1 is divided by m/(-5) - (-18)/15.
0
Let p be ((-8)/(-10))/(4/30). Let l = p + 1. Calculate the remainder when 11 is divided by l.
4
Suppose 2*f = -0 - 10. Let t(l) = -l. What is the remainder when 13 is divided by t(f)?
3
Let g(z) = 5*z + z**2 + 0*z**2 - z. Let r = 0 + 8. What is the remainder when r is divided by g(-5)?
3
Let r(m) = -m + 31. Calculate the remainder when 86 is divided by r(6).
11
Let d(p) = p**2 + 2. Let l be d(-3). Let a = l + 3. What is the remainder when a is divided by 3/(-12) + (-33)/(-4)?
6
Let q = 21 - 9. Calculate the remainder when q is divided by ((-9)/3)/(9/(-21)).
5
Let f = 21 + -3. Let y = 2 + -6. Calculate the remainder when (34/(-5))/(y/20) is divided by f.
16
Suppose 3*g + 5*i - 111 = 0, -5*i = g - 49 + 2. What is the remainder when 62 is divided by g?
30
Suppose 4*x - 3*j - 110 = 21, 2*j - 30 = -x. Calculate the remainder when 124 is divided by x.
28
Suppose 4*b = -5*k + 2608, 2*b + 652 = 3*b - 4*k. What is the remainder when b/28 - 4/14 is divided by 8?
7
Let g(u) = 5*u**3 - 1. Let n be g(-1). Let j(k) = -3*k - 3. Let d = -8 + 36. What is the remainder when d is divided by j(n)?
13
Let v(j) be the first derivative of 2*j**3/3 + 4*j**2 - 5*j - 1. Calculate the remainder when v(-6) is divided by 7.
5
Let w(a) = -3*a - 2. Let i(m) = -1 + 1 - 1 + m + 11. Calculate the remainder when i(7) is divided by w(-4).
7
Suppose 341 = 5*o + 3*k - 73, -3*k = -2*o + 153. What is the remainder when o is divided by 21?
18
Let l be 42/(-4)*(-4)/2. Suppose -2*x - 3*i - l = -51, 0 = -x - i + 13. Let o(g) = 3*g**3 + 2*g**2 - 3*g. What is the remainder when o(2) is divided by x?
8
Suppose 0*u + 3*u = 15. Suppose u = -y - 3*f, -4*y + 2*f - 4*f = -30. Let l(t) = -t**3 + 6*t**2 - 2*t - 3. Calculate the remainder when l(3) is divided by y.
8
Let d(h) = h**3 + 7*h**2 + h + 4. Suppose 12 = u + 2*u. Suppose 0 = 4*z + u*s + 8, 5*s - 2 = 3*z + 36. Calculate the remainder when d(z) is divided by 12.
10
Let s(o) = o - 1. Calculate the remainder when 24 is divided by s(14).
11
Suppose -r + 20 - 6 = 0. What is the remainder when 54 is divided by r?
12
Let t = 82 + -4. Suppose -5*b + b - t = -5*c, 0 = 3*c + 4*b - 34. What is the remainder when c is divided by 3?
2
Let m be (-1)/(-4)*-2*-6. Suppose -m*v + 7*v - 508 = 0. What is the remainder when v is divided by 32?
31
Let h = -57 - -63. What is the remainder when 21 is divided by h?
3
Let q(g) = -g**2 - g - 4. Let a be q(0). What is the remainder when 6 is divided by a/14 - 80/(-35)?
0
What is the remainder when 2 - (-25 - (2 - 2)) is divided by 15?
12
Suppose 0 = -4*a + 6 + 6. Suppose -4*w = z + 2 - 59, -z = -a*w - 71. Suppose -c = 4*c - z. Calculate the remainder when 37 is divided by c.
11
Suppose 2*z = -m + 92, 4*m + 2*z = -3*z + 371. What is the remainder when m is divided by 12?
10
Let o = -9 - -44. Let d(t) = t**3 + 5*t**2 - 3*t - 3. What is the remainder when o is divided by d(-5)?
11
Suppose -230 = -14*y + 4*y. What is the remainder when 48 is divided by y?
2
Suppose j - 4 = d, -2*j + 10 = -0*d - 4*d. Let z = 8 + -6. What is the remainder when j - z - -1*26 is divided by 7?
6
Suppose -g - g + 76 = 0. Suppose -35 = h - 3*h + 5*x, 5*h + 4*x = g. Let a = -2 + h. What is the remainder when 22 is divided by a?
6
Suppose -3*t = 2*j - 7, -15 = t + 5*j - 0*j. Let a(z) = z**3 - 3*z**2 - 8*z + 3. Calculate the remainder when 51 is divided by a(t).
12
Suppose 5*f + 65 = 4*s + s, 4*s + f - 57 = 0. Suppose -2*n - 14 = 3*k - 5*k, 2*k - n = 15. Calculate the remainder when s is divided by k.
6
Suppo